CRAN Package Check Results for Package zipfextR

Last updated on 2025-01-18 01:48:39 CET.

Flavor Version Tinstall Tcheck Ttotal Status Flags
r-devel-linux-x86_64-debian-clang 1.0.2 9.34 79.56 88.90 OK
r-devel-linux-x86_64-debian-gcc 1.0.2 6.65 55.62 62.27 OK
r-devel-linux-x86_64-fedora-clang 1.0.2 149.16 OK
r-devel-linux-x86_64-fedora-gcc 1.0.2 137.44 OK
r-devel-windows-x86_64 1.0.2 11.00 98.00 109.00 OK
r-patched-linux-x86_64 1.0.2 10.03 73.84 83.87 NOTE
r-release-linux-x86_64 1.0.2 9.40 74.50 83.90 NOTE
r-release-macos-arm64 1.0.2 44.00 NOTE
r-release-macos-x86_64 1.0.2 59.00 NOTE
r-release-windows-x86_64 1.0.2 10.00 96.00 106.00 NOTE
r-oldrel-macos-arm64 1.0.2 43.00 NOTE
r-oldrel-macos-x86_64 1.0.2 71.00 NOTE
r-oldrel-windows-x86_64 1.0.2 13.00 119.00 132.00 NOTE

Check Details

Version: 1.0.2
Check: LazyData
Result: NOTE 'LazyData' is specified without a 'data' directory Flavors: r-patched-linux-x86_64, r-release-linux-x86_64, r-release-macos-arm64, r-release-macos-x86_64, r-release-windows-x86_64, r-oldrel-macos-arm64, r-oldrel-macos-x86_64, r-oldrel-windows-x86_64