CRAN Package Check Results for Package variosig

Last updated on 2025-01-20 01:48:36 CET.

Flavor Version Tinstall Tcheck Ttotal Status Flags
r-devel-linux-x86_64-debian-clang 0.3-1 4.97 44.88 49.85 OK
r-devel-linux-x86_64-debian-gcc 0.3-1 3.47 33.77 37.24 OK
r-devel-linux-x86_64-fedora-clang 0.3-1 86.79 OK
r-devel-linux-x86_64-fedora-gcc 0.3-1 76.93 OK
r-devel-windows-x86_64 0.3-1 7.00 65.00 72.00 OK
r-patched-linux-x86_64 0.3-1 5.35 42.58 47.93 NOTE
r-release-linux-x86_64 0.3-1 4.52 43.01 47.53 NOTE
r-release-macos-arm64 0.3-1 26.00 NOTE
r-release-macos-x86_64 0.3-1 38.00 NOTE
r-release-windows-x86_64 0.3-1 8.00 66.00 74.00 NOTE
r-oldrel-macos-arm64 0.3-1 28.00 NOTE
r-oldrel-macos-x86_64 0.3-1 39.00 NOTE
r-oldrel-windows-x86_64 0.3-1 8.00 73.00 81.00 NOTE

Check Details

Version: 0.3-1
Check: LazyData
Result: NOTE 'LazyData' is specified without a 'data' directory Flavors: r-patched-linux-x86_64, r-release-linux-x86_64, r-release-macos-arm64, r-release-macos-x86_64, r-release-windows-x86_64, r-oldrel-macos-arm64, r-oldrel-macos-x86_64, r-oldrel-windows-x86_64