Last updated on 2025-01-20 01:48:34 CET.
Flavor | Version | Tinstall | Tcheck | Ttotal | Status | Flags |
---|---|---|---|---|---|---|
r-devel-linux-x86_64-debian-clang | 2.1-10 | 128.28 | 275.29 | 403.57 | OK | |
r-devel-linux-x86_64-debian-gcc | 2.1-10 | 91.63 | 166.72 | 258.35 | OK | |
r-devel-linux-x86_64-fedora-clang | 2.1-10 | 765.52 | OK | |||
r-devel-linux-x86_64-fedora-gcc | 2.1-10 | 734.23 | OK | |||
r-devel-windows-x86_64 | 2.1-10 | 143.00 | 316.00 | 459.00 | OK | |
r-patched-linux-x86_64 | 2.1-10 | 128.42 | 257.25 | 385.67 | OK | |
r-release-linux-x86_64 | 2.1-10 | 130.81 | 260.99 | 391.80 | OK | |
r-release-macos-arm64 | 2.1-10 | 172.00 | NOTE | |||
r-release-macos-x86_64 | 2.1-10 | 305.00 | NOTE | |||
r-release-windows-x86_64 | 2.1-10 | 145.00 | 317.00 | 462.00 | OK | |
r-oldrel-macos-arm64 | 2.1-10 | 169.00 | NOTE | |||
r-oldrel-macos-x86_64 | 2.1-10 | 271.00 | NOTE | |||
r-oldrel-windows-x86_64 | 2.1-10 | 161.00 | 392.00 | 553.00 | OK |
Version: 2.1-10
Check: installed package size
Result: NOTE
installed size is 6.6Mb
sub-directories of 1Mb or more:
libs 5.4Mb
Flavors: r-release-macos-arm64, r-release-macos-x86_64, r-oldrel-macos-arm64, r-oldrel-macos-x86_64