Last updated on 2025-01-20 01:48:32 CET.
Flavor | Version | Tinstall | Tcheck | Ttotal | Status | Flags |
---|---|---|---|---|---|---|
r-devel-linux-x86_64-debian-clang | 5.1.0 | 380.73 | 536.72 | 917.45 | OK | |
r-devel-linux-x86_64-debian-gcc | 5.1.0 | 356.68 | 472.48 | 829.16 | OK | |
r-devel-linux-x86_64-fedora-clang | 5.1.0 | 1523.57 | OK | |||
r-devel-linux-x86_64-fedora-gcc | 5.1.0 | 2206.32 | OK | |||
r-devel-windows-x86_64 | 5.1.0 | 568.00 | 700.00 | 1268.00 | OK | |
r-patched-linux-x86_64 | 5.1.0 | 508.65 | 666.25 | 1174.90 | NOTE | |
r-release-linux-x86_64 | 5.1.0 | 519.99 | 671.29 | 1191.28 | NOTE | |
r-release-macos-arm64 | 5.1.0 | 276.00 | NOTE | |||
r-release-macos-x86_64 | 5.1.0 | 460.00 | NOTE | |||
r-release-windows-x86_64 | 5.1.0 | 580.00 | 668.00 | 1248.00 | NOTE | |
r-oldrel-macos-arm64 | 5.1.0 | 320.00 | NOTE | |||
r-oldrel-macos-x86_64 | 5.1.0 | 457.00 | NOTE | |||
r-oldrel-windows-x86_64 | 5.1.0 | 592.00 | 891.00 | 1483.00 | NOTE |
Version: 5.1.0
Check: for GNU extensions in Makefiles
Result: NOTE
GNU make is a SystemRequirements.
Flavors: r-patched-linux-x86_64, r-release-linux-x86_64, r-release-macos-arm64, r-release-macos-x86_64, r-release-windows-x86_64, r-oldrel-macos-arm64, r-oldrel-macos-x86_64, r-oldrel-windows-x86_64
Version: 5.1.0
Check: installed package size
Result: NOTE
installed size is 20.4Mb
sub-directories of 1Mb or more:
R 2.0Mb
libs 16.5Mb
Flavors: r-release-macos-arm64, r-release-macos-x86_64, r-release-windows-x86_64, r-oldrel-macos-arm64, r-oldrel-macos-x86_64, r-oldrel-windows-x86_64