Last updated on 2025-01-20 01:48:32 CET.
Flavor | Version | Tinstall | Tcheck | Ttotal | Status | Flags |
---|---|---|---|---|---|---|
r-devel-linux-x86_64-debian-clang | 0.6-9 | 11.98 | 159.98 | 171.96 | NOTE | |
r-devel-linux-x86_64-debian-gcc | 0.6-9 | 8.34 | 101.38 | 109.72 | NOTE | |
r-devel-linux-x86_64-fedora-clang | 0.6-9 | 276.14 | OK | |||
r-devel-linux-x86_64-fedora-gcc | 0.6-9 | 258.20 | OK | |||
r-devel-windows-x86_64 | 0.6-9 | 14.00 | 152.00 | 166.00 | NOTE | |
r-patched-linux-x86_64 | 0.6-9 | 14.28 | 142.17 | 156.45 | OK | |
r-release-linux-x86_64 | 0.6-9 | 11.07 | 144.28 | 155.35 | OK | |
r-release-macos-arm64 | 0.6-9 | 64.00 | OK | |||
r-release-macos-x86_64 | 0.6-9 | 109.00 | OK | |||
r-release-windows-x86_64 | 0.6-9 | 17.00 | 156.00 | 173.00 | OK | |
r-oldrel-macos-arm64 | 0.6-9 | 89.00 | OK | |||
r-oldrel-macos-x86_64 | 0.6-9 | 155.00 | OK | |||
r-oldrel-windows-x86_64 | 0.6-9 | 17.00 | 185.00 | 202.00 | OK |
Version: 0.6-9
Check: Rd cross-references
Result: NOTE
Found the following Rd file(s) with Rd \link{} targets missing package
anchors:
getRtopParams.Rd: gstat
Please provide package anchors for all Rd \link{} targets not in the
package itself and the base packages.
Flavors: r-devel-linux-x86_64-debian-clang, r-devel-linux-x86_64-debian-gcc, r-devel-windows-x86_64