CRAN Package Check Results for Package rcdk

Last updated on 2024-07-24 02:48:20 CEST.

Flavor Version Tinstall Tcheck Ttotal Status Flags
r-devel-linux-x86_64-debian-clang 3.8.1 10.41 134.30 144.71 OK
r-devel-linux-x86_64-debian-gcc 3.8.1 7.37 97.73 105.10 NOTE
r-devel-linux-x86_64-fedora-clang 3.8.1 177.87 OK
r-devel-linux-x86_64-fedora-gcc 3.8.1 192.53 OK
r-devel-windows-x86_64 3.8.1 8.00 118.00 126.00 NOTE
r-patched-linux-x86_64 3.8.1 12.46 129.15 141.61 OK
r-release-linux-x86_64 3.8.1 8.20 128.71 136.91 OK
r-release-macos-arm64 3.8.1 56.00 OK
r-release-macos-x86_64 3.8.1 118.00 OK
r-release-windows-x86_64 3.8.1 9.00 117.00 126.00 OK
r-oldrel-macos-arm64 3.8.1 50.00 OK
r-oldrel-macos-x86_64 3.8.1 139.00 OK
r-oldrel-windows-x86_64 3.8.1 10.00 151.00 161.00 OK

Check Details

Version: 3.8.1
Check: Rd cross-references
Result: NOTE Found the following Rd file(s) with Rd \link{} targets missing package anchors: get.fingerprint.Rd: fingerprint-class, featvec-class Please provide package anchors for all Rd \link{} targets not in the package itself and the base packages. Flavors: r-devel-linux-x86_64-debian-gcc, r-devel-windows-x86_64