CRAN Package Check Results for Package rainette

Last updated on 2025-01-20 01:48:30 CET.

Flavor Version Tinstall Tcheck Ttotal Status Flags
r-devel-linux-x86_64-debian-clang 0.3.1.1 22.13 158.20 180.33 OK
r-devel-linux-x86_64-debian-gcc 0.3.1.1 16.11 113.03 129.14 OK
r-devel-linux-x86_64-fedora-clang 0.3.1.1 315.44 OK
r-devel-linux-x86_64-fedora-gcc 0.3.1.1 290.24 OK
r-devel-windows-x86_64 0.3.1.1 25.00 167.00 192.00 OK
r-patched-linux-x86_64 0.3.1.1 21.37 143.14 164.51 NOTE
r-release-linux-x86_64 0.3.1.1 22.65 144.75 167.40 NOTE
r-release-macos-arm64 0.3.1.1 87.00 OK
r-release-macos-x86_64 0.3.1.1 129.00 OK
r-release-windows-x86_64 0.3.1.1 24.00 165.00 189.00 OK
r-oldrel-macos-arm64 0.3.1.1 93.00 OK
r-oldrel-macos-x86_64 0.3.1.1 152.00 NOTE
r-oldrel-windows-x86_64 0.3.1.1 31.00 209.00 240.00 OK

Check Details

Version: 0.3.1.1
Check: package dependencies
Result: NOTE Package suggested but not available for checking: ‘quanteda.textmodels’ Flavors: r-patched-linux-x86_64, r-release-linux-x86_64, r-oldrel-macos-x86_64