Last updated on 2025-01-20 01:48:30 CET.
Flavor | Version | Tinstall | Tcheck | Ttotal | Status | Flags |
---|---|---|---|---|---|---|
r-devel-linux-x86_64-debian-clang | 1.0-6 | 17.49 | 79.73 | 97.22 | NOTE | |
r-devel-linux-x86_64-debian-gcc | 1.0-6 | 11.49 | 57.82 | 69.31 | NOTE | |
r-devel-linux-x86_64-fedora-clang | 1.0-6 | 161.65 | OK | |||
r-devel-linux-x86_64-fedora-gcc | 1.0-6 | 167.41 | OK | |||
r-devel-windows-x86_64 | 1.0-6 | 23.00 | 115.00 | 138.00 | NOTE | |
r-patched-linux-x86_64 | 1.0-6 | 17.37 | 73.48 | 90.85 | OK | |
r-release-linux-x86_64 | 1.0-6 | 16.45 | 73.96 | 90.41 | OK | |
r-release-macos-arm64 | 1.0-6 | 47.00 | OK | |||
r-release-macos-x86_64 | 1.0-6 | 65.00 | OK | |||
r-release-windows-x86_64 | 1.0-6 | 21.00 | 119.00 | 140.00 | OK | |
r-oldrel-macos-arm64 | 1.0-6 | 54.00 | OK | |||
r-oldrel-macos-x86_64 | 1.0-6 | 81.00 | OK | |||
r-oldrel-windows-x86_64 | 1.0-6 | 27.00 | 140.00 | 167.00 | OK |
Version: 1.0-6
Check: Rd cross-references
Result: NOTE
Found the following Rd file(s) with Rd \link{} targets missing package
anchors:
fitDistr.Rd: nls.lm
predictNLS.Rd: rtmvt
Please provide package anchors for all Rd \link{} targets not in the
package itself and the base packages.
Flavors: r-devel-linux-x86_64-debian-clang, r-devel-linux-x86_64-debian-gcc, r-devel-windows-x86_64