Last updated on 2025-01-20 01:48:28 CET.
Flavor | Version | Tinstall | Tcheck | Ttotal | Status | Flags |
---|---|---|---|---|---|---|
r-devel-linux-x86_64-debian-clang | 0.1.3 | 16.22 | 147.90 | 164.12 | OK | |
r-devel-linux-x86_64-debian-gcc | 0.1.3 | 11.94 | 103.47 | 115.41 | OK | |
r-devel-linux-x86_64-fedora-clang | 0.1.3 | 265.21 | NOTE | |||
r-devel-linux-x86_64-fedora-gcc | 0.1.3 | 267.18 | NOTE | |||
r-devel-windows-x86_64 | 0.1.3 | 19.00 | 133.00 | 152.00 | OK | |
r-patched-linux-x86_64 | 0.1.3 | 15.39 | 132.86 | 148.25 | OK | |
r-release-linux-x86_64 | 0.1.3 | 13.15 | 131.81 | 144.96 | OK | |
r-release-macos-arm64 | 0.1.3 | 70.00 | OK | |||
r-release-macos-x86_64 | 0.1.3 | 110.00 | OK | |||
r-release-windows-x86_64 | 0.1.3 | 18.00 | 138.00 | 156.00 | OK | |
r-oldrel-macos-arm64 | 0.1.3 | 73.00 | OK | |||
r-oldrel-macos-x86_64 | 0.1.3 | 125.00 | OK | |||
r-oldrel-windows-x86_64 | 0.1.3 | 24.00 | 166.00 | 190.00 | OK |
Version: 0.1.3
Check: dependencies in R code
Result: NOTE
Namespaces in Imports field not imported from:
‘clusterProfiler’ ‘purrr’
All declared Imports should be used.
Flavors: r-devel-linux-x86_64-fedora-clang, r-devel-linux-x86_64-fedora-gcc