CRAN Package Check Results for Package mlim

Last updated on 2025-01-20 01:48:27 CET.

Flavor Version Tinstall Tcheck Ttotal Status Flags
r-devel-linux-x86_64-debian-clang 0.3.0 0.50 1.73 2.23 ERROR
r-devel-linux-x86_64-debian-gcc 0.3.0 9.07 76.46 85.53 NOTE
r-devel-linux-x86_64-fedora-clang 0.3.0 201.95 NOTE
r-devel-linux-x86_64-fedora-gcc 0.3.0 169.71 NOTE
r-devel-windows-x86_64 0.3.0 15.00 103.00 118.00 NOTE
r-patched-linux-x86_64 0.3.0 0.42 1.63 2.05 ERROR
r-release-linux-x86_64 0.3.0 13.79 94.91 108.70 NOTE
r-release-macos-arm64 0.3.0 52.00 NOTE
r-release-macos-x86_64 0.3.0 73.00 NOTE
r-release-windows-x86_64 0.3.0 14.00 105.00 119.00 NOTE
r-oldrel-macos-arm64 0.3.0 55.00 OK
r-oldrel-macos-x86_64 0.3.0 91.00 OK
r-oldrel-windows-x86_64 0.3.0 18.00 129.00 147.00 OK

Check Details

Version: 0.3.0
Check: package dependencies
Result: ERROR Package required but not available: ‘h2o’ See section ‘The DESCRIPTION file’ in the ‘Writing R Extensions’ manual. Flavors: r-devel-linux-x86_64-debian-clang, r-patched-linux-x86_64

Version: 0.3.0
Check: Rd files
Result: NOTE checkRd: (-1) mlim.Rd:58: Lost braces 58 | Note that code{"XGB"} is only available in Mac OS and Linux. moreover, | ^ Flavors: r-devel-linux-x86_64-debian-gcc, r-devel-linux-x86_64-fedora-clang, r-devel-linux-x86_64-fedora-gcc, r-devel-windows-x86_64, r-release-linux-x86_64, r-release-macos-arm64, r-release-macos-x86_64, r-release-windows-x86_64