CRAN Package Check Results for Package ionr

Last updated on 2024-07-24 02:48:13 CEST.

Flavor Version Tinstall Tcheck Ttotal Status Flags
r-devel-linux-x86_64-debian-clang 0.3.0 3.31 38.38 41.69 NOTE
r-devel-linux-x86_64-debian-gcc 0.3.0 2.37 29.52 31.89 NOTE
r-devel-linux-x86_64-fedora-clang 0.3.0 53.24 NOTE
r-devel-linux-x86_64-fedora-gcc 0.3.0 48.50 NOTE
r-devel-windows-x86_64 0.3.0 4.00 54.00 58.00 NOTE
r-patched-linux-x86_64 0.3.0 3.52 37.21 40.73 NOTE
r-release-linux-x86_64 0.3.0 2.92 37.95 40.87 NOTE
r-release-macos-arm64 0.3.0 20.00 NOTE
r-release-macos-x86_64 0.3.0 30.00 NOTE
r-release-windows-x86_64 0.3.0 4.00 53.00 57.00 NOTE
r-oldrel-macos-arm64 0.3.0 19.00 NOTE
r-oldrel-macos-x86_64 0.3.0 30.00 NOTE
r-oldrel-windows-x86_64 0.3.0 4.00 55.00 59.00 NOTE

Check Details

Version: 0.3.0
Check: LazyData
Result: NOTE 'LazyData' is specified without a 'data' directory Flavors: r-devel-linux-x86_64-debian-clang, r-devel-linux-x86_64-debian-gcc, r-devel-linux-x86_64-fedora-clang, r-devel-linux-x86_64-fedora-gcc, r-devel-windows-x86_64, r-patched-linux-x86_64, r-release-linux-x86_64, r-release-macos-arm64, r-release-macos-x86_64, r-release-windows-x86_64, r-oldrel-macos-arm64, r-oldrel-macos-x86_64, r-oldrel-windows-x86_64