CRAN Package Check Results for Package edfReader

Last updated on 2025-01-18 01:48:21 CET.

Flavor Version Tinstall Tcheck Ttotal Status Flags
r-devel-linux-x86_64-debian-clang 1.2.1 3.57 40.38 43.95 OK
r-devel-linux-x86_64-debian-gcc 1.2.1 2.68 28.83 31.51 OK
r-devel-linux-x86_64-fedora-clang 1.2.1 74.61 OK
r-devel-linux-x86_64-fedora-gcc 1.2.1 84.24 OK
r-devel-windows-x86_64 1.2.1 6.00 57.00 63.00 OK
r-patched-linux-x86_64 1.2.1 4.30 38.60 42.90 NOTE
r-release-linux-x86_64 1.2.1 3.87 38.49 42.36 NOTE
r-release-macos-arm64 1.2.1 30.00 NOTE
r-release-macos-x86_64 1.2.1 44.00 NOTE
r-release-windows-x86_64 1.2.1 5.00 57.00 62.00 NOTE
r-oldrel-macos-arm64 1.2.1 29.00 NOTE
r-oldrel-macos-x86_64 1.2.1 46.00 NOTE
r-oldrel-windows-x86_64 1.2.1 6.00 65.00 71.00 NOTE

Check Details

Version: 1.2.1
Check: LazyData
Result: NOTE 'LazyData' is specified without a 'data' directory Flavors: r-patched-linux-x86_64, r-release-linux-x86_64, r-release-macos-arm64, r-release-macos-x86_64, r-release-windows-x86_64, r-oldrel-macos-arm64, r-oldrel-macos-x86_64, r-oldrel-windows-x86_64