Last updated on 2025-01-20 01:48:18 CET.
Flavor | Version | Tinstall | Tcheck | Ttotal | Status | Flags |
---|---|---|---|---|---|---|
r-devel-linux-x86_64-debian-clang | 0.3.11 | 82.85 | 461.99 | 544.84 | OK | |
r-devel-linux-x86_64-debian-gcc | 0.3.11 | 39.09 | 268.47 | 307.56 | OK | |
r-devel-linux-x86_64-fedora-clang | 0.3.11 | 841.52 | OK | |||
r-devel-linux-x86_64-fedora-gcc | 0.3.11 | 826.82 | OK | |||
r-devel-windows-x86_64 | 0.3.11 | 52.00 | 606.00 | 658.00 | OK | |
r-patched-linux-x86_64 | 0.3.11 | 54.79 | 439.58 | 494.37 | OK | |
r-release-linux-x86_64 | 0.3.11 | 60.74 | 437.70 | 498.44 | OK | |
r-release-macos-arm64 | 0.3.11 | 225.00 | NOTE | |||
r-release-macos-x86_64 | 0.3.11 | 437.00 | NOTE | |||
r-release-windows-x86_64 | 0.3.11 | 56.00 | 607.00 | 663.00 | OK | |
r-oldrel-macos-arm64 | 0.3.11 | 219.00 | NOTE | |||
r-oldrel-macos-x86_64 | 0.3.11 | 477.00 | NOTE | |||
r-oldrel-windows-x86_64 | 0.3.11 | 54.00 | 720.00 | 774.00 | OK |
Version: 0.3.11
Check: installed package size
Result: NOTE
installed size is 10.4Mb
sub-directories of 1Mb or more:
data 1.2Mb
doc 2.2Mb
libs 6.9Mb
Flavors: r-release-macos-arm64, r-release-macos-x86_64, r-oldrel-macos-arm64, r-oldrel-macos-x86_64