CRAN Package Check Results for Package cgam

Last updated on 2024-05-21 02:54:21 CEST.

Flavor Version Tinstall Tcheck Ttotal Status Flags
r-devel-linux-x86_64-debian-clang 1.21 39.72 225.90 265.62 NOTE
r-devel-linux-x86_64-debian-gcc 1.21 30.52 151.51 182.03 NOTE
r-devel-linux-x86_64-fedora-clang 1.21 317.95 NOTE
r-devel-linux-x86_64-fedora-gcc 1.21 287.75 NOTE
r-devel-windows-x86_64 1.21 30.00 149.00 179.00 NOTE
r-patched-linux-x86_64 1.21 29.71 201.38 231.09 NOTE
r-release-linux-x86_64 1.21 22.38 209.91 232.29 NOTE
r-release-macos-arm64 1.21 74.00 NOTE
r-release-windows-x86_64 1.21 27.00 150.00 177.00 NOTE
r-oldrel-macos-arm64 1.21 70.00 OK
r-oldrel-macos-x86_64 1.21 191.00 OK
r-oldrel-windows-x86_64 1.21 38.00 184.00 222.00 OK

Check Details

Version: 1.21
Check: Rd files
Result: NOTE checkRd: (-1) ShapeSelect.Rd:18: Lost braces in \itemize; meant \describe ? checkRd: (-1) ShapeSelect.Rd:19: Lost braces in \itemize; meant \describe ? checkRd: (-1) cgam.Rd:21: Lost braces in \itemize; meant \describe ? checkRd: (-1) cgam.Rd:22: Lost braces in \itemize; meant \describe ? checkRd: (-1) cgam.Rd:23: Lost braces in \itemize; meant \describe ? checkRd: (-1) cgam.Rd:24: Lost braces in \itemize; meant \describe ? checkRd: (-1) cgam.Rd:25: Lost braces in \itemize; meant \describe ? checkRd: (-1) cgam.Rd:26: Lost braces in \itemize; meant \describe ? checkRd: (-1) cgam.Rd:27: Lost braces in \itemize; meant \describe ? checkRd: (-1) cgam.Rd:28: Lost braces in \itemize; meant \describe ? checkRd: (-1) cgam.Rd:29: Lost braces in \itemize; meant \describe ? checkRd: (-1) cgam.Rd:30: Lost braces in \itemize; meant \describe ? checkRd: (-1) cgam.Rd:31: Lost braces in \itemize; meant \describe ? checkRd: (-1) cgam.Rd:32: Lost braces in \itemize; meant \describe ? checkRd: (-1) cgam.Rd:33: Lost braces in \itemize; meant \describe ? checkRd: (-1) cgam.Rd:34: Lost braces in \itemize; meant \describe ? checkRd: (-1) cgam.Rd:35: Lost braces in \itemize; meant \describe ? checkRd: (-1) cgam.Rd:36: Lost braces in \itemize; meant \describe ? checkRd: (-1) cgam.Rd:37: Lost braces in \itemize; meant \describe ? checkRd: (-1) cgam.Rd:38: Lost braces in \itemize; meant \describe ? checkRd: (-1) cgam.Rd:39: Lost braces in \itemize; meant \describe ? checkRd: (-1) plotpersp.Rd:26: Lost braces in \itemize; meant \describe ? checkRd: (-1) plotpersp.Rd:27: Lost braces in \itemize; meant \describe ? checkRd: (-1) plotpersp.Rd:28: Lost braces in \itemize; meant \describe ? checkRd: (-1) plotpersp.Rd:29: Lost braces in \itemize; meant \describe ? checkRd: (-1) plotpersp.Rd:30: Lost braces in \itemize; meant \describe ? checkRd: (-1) plotpersp.Rd:31: Lost braces in \itemize; meant \describe ? checkRd: (-1) plotpersp.Rd:32: Lost braces in \itemize; meant \describe ? checkRd: (-1) plotpersp.Rd:33: Lost braces in \itemize; meant \describe ? checkRd: (-1) plotpersp.Rd:34: Lost braces in \itemize; meant \describe ? checkRd: (-1) plotpersp.Rd:35: Lost braces in \itemize; meant \describe ? checkRd: (-1) plotpersp.Rd:36: Lost braces in \itemize; meant \describe ? checkRd: (-1) plotpersp.Rd:37: Lost braces in \itemize; meant \describe ? checkRd: (-1) plotpersp.Rd:38: Lost braces in \itemize; meant \describe ? checkRd: (-1) plotpersp.Rd:39: Lost braces in \itemize; meant \describe ? checkRd: (-1) plotpersp.Rd:40: Lost braces in \itemize; meant \describe ? checkRd: (-1) plotpersp.Rd:41: Lost braces in \itemize; meant \describe ? checkRd: (-1) plotpersp.Rd:42: Lost braces in \itemize; meant \describe ? checkRd: (-1) plotpersp.Rd:43: Lost braces in \itemize; meant \describe ? checkRd: (-1) plotpersp.Rd:44: Lost braces in \itemize; meant \describe ? checkRd: (-1) plotpersp.Rd:45: Lost braces in \itemize; meant \describe ? checkRd: (-1) plotpersp.Rd:46: Lost braces in \itemize; meant \describe ? checkRd: (-1) shapes.Rd:16: Lost braces in \itemize; meant \describe ? checkRd: (-1) shapes.Rd:17: Lost braces in \itemize; meant \describe ? checkRd: (-1) shapes.Rd:18: Lost braces in \itemize; meant \describe ? Flavors: r-devel-linux-x86_64-debian-clang, r-devel-linux-x86_64-debian-gcc, r-devel-linux-x86_64-fedora-clang, r-devel-linux-x86_64-fedora-gcc, r-devel-windows-x86_64, r-patched-linux-x86_64, r-release-linux-x86_64, r-release-macos-arm64, r-release-windows-x86_64