CRAN Package Check Results for Package berryFunctions

Last updated on 2025-01-20 01:48:17 CET.

Flavor Version Tinstall Tcheck Ttotal Status Flags
r-devel-linux-x86_64-debian-clang 1.22.5 9.42 95.37 104.79 NOTE
r-devel-linux-x86_64-debian-gcc 1.22.5 6.86 65.68 72.54 NOTE
r-devel-linux-x86_64-fedora-clang 1.22.5 184.27 OK
r-devel-linux-x86_64-fedora-gcc 1.22.5 186.50 OK
r-devel-windows-x86_64 1.22.5 11.00 138.00 149.00 NOTE
r-patched-linux-x86_64 1.22.5 12.52 91.95 104.47 OK
r-release-linux-x86_64 1.22.5 7.78 91.73 99.51 OK
r-release-macos-arm64 1.22.5 50.00 OK
r-release-macos-x86_64 1.22.5 108.00 OK
r-release-windows-x86_64 1.22.5 11.00 141.00 152.00 OK
r-oldrel-macos-arm64 1.22.5 56.00 OK
r-oldrel-macos-x86_64 1.22.5 162.00 OK
r-oldrel-windows-x86_64 1.22.5 14.00 160.00 174.00 OK

Check Details

Version: 1.22.5
Check: Rd cross-references
Result: NOTE Found the following Rd file(s) with Rd \link{} targets missing package anchors: l2array.Rd: abind Please provide package anchors for all Rd \link{} targets not in the package itself and the base packages. Flavors: r-devel-linux-x86_64-debian-clang, r-devel-linux-x86_64-debian-gcc, r-devel-windows-x86_64