CRAN Package Check Results for Package SparseBiplots

Last updated on 2024-07-24 02:48:23 CEST.

Flavor Version Tinstall Tcheck Ttotal Status Flags
r-devel-linux-x86_64-debian-clang 4.0.1 11.62 95.90 107.52 OK
r-devel-linux-x86_64-debian-gcc 4.0.1 8.89 70.78 79.67 NOTE
r-devel-linux-x86_64-fedora-clang 4.0.1 130.63 NOTE
r-devel-linux-x86_64-fedora-gcc 4.0.1 122.78 NOTE
r-devel-windows-x86_64 4.0.1 11.00 82.00 93.00 NOTE
r-patched-linux-x86_64 4.0.1 15.12 91.36 106.48 OK
r-release-linux-x86_64 4.0.1 6.25 91.19 97.44 OK
r-release-macos-arm64 4.0.1 38.00 OK
r-release-macos-x86_64 4.0.1 60.00 OK
r-release-windows-x86_64 4.0.1 10.00 80.00 90.00 OK
r-oldrel-macos-arm64 4.0.1 45.00 OK
r-oldrel-macos-x86_64 4.0.1 82.00 OK
r-oldrel-windows-x86_64 4.0.1 12.00 100.00 112.00 OK

Check Details

Version: 4.0.1
Check: Rd cross-references
Result: NOTE Found the following Rd file(s) with Rd \link{} targets missing package anchors: ElasticNet_HJBiplot.Rd: spca Plot_Biplot.Rd: ggplot2 Please provide package anchors for all Rd \link{} targets not in the package itself and the base packages. Flavors: r-devel-linux-x86_64-debian-gcc, r-devel-windows-x86_64

Version: 4.0.1
Check: dependencies in R code
Result: NOTE Namespaces in Imports field not imported from: ‘gtable’ ‘rlang’ ‘testthat’ All declared Imports should be used. Flavors: r-devel-linux-x86_64-fedora-clang, r-devel-linux-x86_64-fedora-gcc