CRAN Package Check Results for Package MAGEE

Last updated on 2025-01-18 01:48:25 CET.

Flavor Version Tinstall Tcheck Ttotal Status Flags
r-devel-linux-x86_64-debian-clang 1.4.2 57.66 159.64 217.30 OK
r-devel-linux-x86_64-debian-gcc 1.4.2 42.91 127.94 170.85 OK
r-devel-linux-x86_64-fedora-clang 1.4.2 362.54 OK
r-devel-linux-x86_64-fedora-gcc 1.4.2 370.81 OK
r-devel-windows-x86_64 1.4.2 75.00 192.00 267.00 OK
r-patched-linux-x86_64 1.4.2 60.00 153.18 213.18 OK
r-release-linux-x86_64 1.4.2 59.08 152.55 211.63 OK
r-release-macos-arm64 1.4.2 86.00 NOTE
r-release-macos-x86_64 1.4.2 318.00 NOTE
r-release-windows-x86_64 1.4.2 73.00 191.00 264.00 NOTE
r-oldrel-macos-arm64 1.4.2 138.00 NOTE
r-oldrel-macos-x86_64 1.4.2 174.00 NOTE
r-oldrel-windows-x86_64 1.4.2 77.00 232.00 309.00 NOTE

Check Details

Version: 1.4.2
Check: package dependencies
Result: NOTE Packages suggested but not available for checking: 'SeqArray', 'SeqVarTools' Flavor: r-release-macos-arm64

Version: 1.4.2
Check: installed package size
Result: NOTE installed size is 6.8Mb sub-directories of 1Mb or more: libs 5.1Mb Flavors: r-release-macos-arm64, r-release-macos-x86_64, r-oldrel-macos-arm64, r-oldrel-macos-x86_64

Version: 1.4.2
Check: package dependencies
Result: NOTE Package suggested but not available for checking: 'doMC' Flavors: r-release-windows-x86_64, r-oldrel-windows-x86_64

Version: 1.4.2
Check: package dependencies
Result: NOTE Package suggested but not available for checking: ‘SeqVarTools’ Flavor: r-oldrel-macos-x86_64