CRAN Package Check Results for Package LSAmitR

Last updated on 2025-01-18 01:48:25 CET.

Flavor Version Tinstall Tcheck Ttotal Status Flags
r-devel-linux-x86_64-debian-clang 1.0-3 13.00 102.04 115.04 OK
r-devel-linux-x86_64-debian-gcc 1.0-3 9.57 70.68 80.25 OK
r-devel-linux-x86_64-fedora-clang 1.0-3 186.10 OK
r-devel-linux-x86_64-fedora-gcc 1.0-3 165.91 OK
r-devel-windows-x86_64 1.0-3 12.00 116.00 128.00 OK
r-patched-linux-x86_64 1.0-3 9.45 94.49 103.94 NOTE
r-release-linux-x86_64 1.0-3 9.46 94.28 103.74 NOTE
r-release-macos-arm64 1.0-3 51.00 NOTE
r-release-macos-x86_64 1.0-3 97.00 NOTE
r-release-windows-x86_64 1.0-3 12.00 112.00 124.00 NOTE
r-oldrel-macos-arm64 1.0-3 57.00 NOTE
r-oldrel-macos-x86_64 1.0-3 88.00 NOTE
r-oldrel-windows-x86_64 1.0-3 16.00 143.00 159.00 NOTE

Check Details

Version: 1.0-3
Check: package dependencies
Result: NOTE Package suggested but not available for checking: ‘kerdiest’ Flavors: r-patched-linux-x86_64, r-release-linux-x86_64, r-release-macos-arm64, r-release-macos-x86_64, r-release-windows-x86_64, r-oldrel-macos-arm64, r-oldrel-windows-x86_64

Version: 1.0-3
Check: package dependencies
Result: NOTE Packages suggested but not available for checking: 'sirt', 'kerdiest', 'car', 'mitml' Flavor: r-oldrel-macos-x86_64