Last updated on 2025-01-20 01:48:22 CET.
Flavor | Version | Tinstall | Tcheck | Ttotal | Status | Flags |
---|---|---|---|---|---|---|
r-devel-linux-x86_64-debian-clang | 2.4-1 | 107.54 | 149.64 | 257.18 | OK | |
r-devel-linux-x86_64-debian-gcc | 2.4-1 | 80.04 | 110.17 | 190.21 | OK | |
r-devel-linux-x86_64-fedora-clang | 2.4-1 | 425.37 | OK | |||
r-devel-linux-x86_64-fedora-gcc | 2.4-1 | 440.61 | OK | |||
r-devel-windows-x86_64 | 2.4-1 | 97.00 | 167.00 | 264.00 | OK | |
r-patched-linux-x86_64 | 2.4-1 | 112.11 | 145.95 | 258.06 | OK | |
r-release-linux-x86_64 | 2.4-1 | 114.11 | 145.81 | 259.92 | OK | |
r-release-macos-arm64 | 2.4-1 | 103.00 | NOTE | |||
r-release-macos-x86_64 | 2.4-1 | 232.00 | NOTE | |||
r-release-windows-x86_64 | 2.4-1 | 98.00 | 170.00 | 268.00 | OK | |
r-oldrel-macos-arm64 | 2.4-1 | 109.00 | NOTE | |||
r-oldrel-macos-x86_64 | 2.4-1 | 222.00 | NOTE | |||
r-oldrel-windows-x86_64 | 2.4-1 | 122.00 | 222.00 | 344.00 | OK |
Version: 2.4-1
Check: installed package size
Result: NOTE
installed size is 27.9Mb
sub-directories of 1Mb or more:
data 1.5Mb
libs 25.6Mb
Flavors: r-release-macos-arm64, r-release-macos-x86_64, r-oldrel-macos-arm64, r-oldrel-macos-x86_64