CRAN Package Check Results for Package BayesGOF

Last updated on 2024-05-21 02:54:20 CEST.

Flavor Version Tinstall Tcheck Ttotal Status Flags
r-devel-linux-x86_64-debian-clang 5.2 9.66 550.58 560.24 NOTE
r-devel-linux-x86_64-debian-gcc 5.2 7.24 354.53 361.77 NOTE
r-devel-linux-x86_64-fedora-clang 5.2 651.05 NOTE
r-devel-linux-x86_64-fedora-gcc 5.2 711.36 NOTE
r-devel-windows-x86_64 5.2 8.00 370.00 378.00 NOTE
r-patched-linux-x86_64 5.2 6.79 510.93 517.72 NOTE
r-release-linux-x86_64 5.2 7.22 495.43 502.65 NOTE
r-release-macos-arm64 5.2 284.00 NOTE
r-release-windows-x86_64 5.2 8.00 383.00 391.00 NOTE
r-oldrel-macos-arm64 5.2 260.00 OK
r-oldrel-macos-x86_64 5.2 381.00 OK
r-oldrel-windows-x86_64 5.2 10.00 447.00 457.00 OK

Check Details

Version: 5.2
Check: Rd files
Result: NOTE checkRd: (-1) gMLE.bb.Rd:18: Lost braces 18 | \item{optim.method}{optimization method in \code{optim()}{stats}.} | ^ Flavors: r-devel-linux-x86_64-debian-clang, r-devel-linux-x86_64-debian-gcc, r-devel-linux-x86_64-fedora-clang, r-devel-linux-x86_64-fedora-gcc, r-devel-windows-x86_64, r-patched-linux-x86_64, r-release-linux-x86_64, r-release-macos-arm64, r-release-windows-x86_64